.
3
Suppose -p - 2*p - 180 = 0. Suppose 0 = a - 4*o - 0 + 17, 2*a - o + 13 = 0. What are the prime factors of (-12)/a*p/(-9)?
2
Let b = -1 - 1. Let i = 55 - b. What are the prime factors of i?
3, 19
Let r(h) = 157*h - 21. List the prime factors of r(15).
2, 3, 389
Let n(z) = z**2 + 8*z - 40. List the prime factors of n(23).
673
Let z(y) = 9*y**2 - 25*y - 171. List the prime factors of z(-14).
29, 67
Let s(v) = -5*v - 3. Let j be s(3). List the prime factors of 3/(j/(-2))*123.
41
Let o(s) = 15*s**3 + 5*s**2 + 2*s + 5. List the prime factors of o(3).
461
Let s be (-2)/(4 - (-124)/(-32)). Let u = -22 - s. What are the prime factors of 23 - (-8)/u*3?
19
Let v(y) = 24*y + 7 - 10*y - 16*y + y**2. List the prime factors of v(10).
3, 29
Let h = 148 - -217. List the prime factors of h.
5, 73
Let q(t) = -103*t - 29. What are the prime factors of q(-4)?
383
List the prime factors of (-4)/14 + 700686/294.
2383
Let g(s) = -s**3 + 11*s**2 + 3*s. Let b be g(11). Suppose -31*w - 284 = -b*w. What are the prime factors of w?
2, 71
Suppose 2*d - 3*d - v = -26, 3*d = -v + 82. Suppose -2*k = -d - 440. List the prime factors of k.
2, 3, 13
Let h = 1805 - 1204. What are the prime factors of h?
601
Let p(f) = f**3 + f**2 - 2*f + 1. Let d be p(1). List the prime factors of 18*((-3)/(-2) - d).
3
Let z(a) = -a**2 - 2*a - 3. Let m be z(-5). Let x(i) = -6*i + 31. Let c be x(5). List the prime factors of (-207)/m + c/(-2).
11
Suppose c - 9 = -7, 3*c + 5142 = 2*p. List the prime factors of p.
2, 3, 11, 13
Suppose -2*c - 3 = -3*f, -2*c + 4*f - 6*f = 28. Let s be c/6 - 164/8. What are the prime factors of -8*s*2/8?
2, 11
List the prime factors of 27099/6 + (15/(-6) - -2).
2, 1129
Let i = 8685 + -5420. List the prime factors of i.
5, 653
Let q(p) = -p**3 + 30*p**2 - 26*p + 1. Let g be (-3)/(-1) + (6/(-3) - -28). List the prime factors of q(g).
2, 11
Suppose -2*d + 5*p = 14, 3*d - 6*p + 7 = -2*p. Suppose -l + 3*l - d*i - 57 = 0, -l + i = -30. List the prime factors of l.
3, 11
Suppose -2*m - m = n - 1440, -2*m + 5720 = 4*n. What are the prime factors of n?
2, 3, 7, 17
Let k = -4383 + 7668. List the prime factors of k.
3, 5, 73
Let j(z) = 2*z - 5. Let r be j(5). Suppose 3*m = r*m + 10. List the prime factors of ((-29)/2)/(m/10).
29
Suppose 5*j - 4*c = -8, -6 = 3*j - 5*c + 4. What are the prime factors of (12 + (-4 - j - -3))*3?
3, 11
Let p be ((-1)/2)/((-2)/20). Suppose 0*y + 4*s - p = y, -5*y - 4*s + 23 = 0. Suppose 2 = d - y. What are the prime factors of d?
5
Suppose 9*t + 1 + 8 = 0. List the prime factors of (-78 - 0)*10/15*t.
2, 13
Suppose -1 = -k + 6*k - q, 0 = -2*k + 5*q - 5. Suppose 6*o - 13*o + 651 = k. What are the prime factors of o?
3, 31
Let f = 2904 + -1763. List the prime factors of f.
7, 163
Suppose 2*f - 4*v + 20 = v, -2*f - 5*v = 0. What are the prime factors of 51/f*(0 + -5)?
3, 17
What are the prime factors of 17175/9 + (-35)/15?
2, 953
Let z be ((-27)/(-18))/((-6)/(-8)). Let a(j) = 14 - 4*j - 1 + 2 - 5 + j**z. What are the prime factors of a(4)?
2, 5
Let u(s) = 43*s**2 + 4*s - 7. List the prime factors of u(-4).
5, 7, 19
Let b(y) = -5*y**2 + 2*y. Let s be b(-2). Suppose -2*t - 111 = u, -48 = t + 5*u + 12. Let c = s - t. List the prime factors of c.
31
Let d be 96/15*(7 - 2). Let c = d + 15. Suppose -4*n + 5*h + c = 0, 0*h - 2*h + 67 = 5*n. What are the prime factors of n?
13
Let f = 50 + -42. Suppose -829 = f*n - 2805. List the prime factors of n.
13, 19
Let o(d) = -508*d - 622. What are the prime factors of o(-5)?
2, 7, 137
Let j be 16/3*684/(-24). Let c = j + 230. List the prime factors of c.
2, 3, 13
Suppose -2*a - a + 12 = -2*p, a - 3 = p. Let m = a + -1. Suppose m*o - 139 = -14. What are the prime factors of o?
5
Let l(v) = -v - 15. Let g be l(-12). Let p be -60*((-6)/g)/(-2). Let n = -16 + p. What are the prime factors of n?
2, 11
Suppose -8*q - 944 - 2640 = 0. Let y = 746 + q. What are the prime factors of y?
2, 149
What are the prime factors of (-7)/(-105)*-6*-1385?
2, 277
Suppose -11*i = -3446 - 2043. What are the prime factors of i?
499
Let z(g) = 2*g**2 - 7*g + 1. Let s be z(4). Let u(p) = 9*p - 17. Let c be u(s). Let y = c - 16. List the prime factors of y.
2, 3
Suppose 4*o - 2*s + 1100 = 8*o, 0 = 3*o + s - 824. List the prime factors of o.
2, 137
What are the prime factors of (1 + -228)*(0/(-7) + -1)?
227
Let f = 152 - 65. Suppose -k + f = -0*k. What are the prime factors of k?
3, 29
Let w = 105 - 105. List the prime factors of w - (-8)/12*99.
2, 3, 11
Let y be ((-1)/((-3)/(-7)))/(2/(-6)). Let s(r) = -r**3 + 8*r**2 + 7*r + 8. List the prime factors of s(y).
2, 53
Let q(t) = t**3 - 9*t**2 - 15*t + 13. Let d be q(10). Let n = d + 46. What are the prime factors of (126/8)/n*16?
2, 7
Let f = 58 + -56. What are the prime factors of (12 - 2)/(f - 90/46)?
2, 5, 23
Let g be (552/33)/4 + (-6)/33. Let q(m) = 10*m**2 - 9*m - 8. What are the prime factors of q(g)?
2, 29
Suppose -4*s + 600 = -0*s - 4*r, -5*s = 4*r - 768. Suppose 10*b - s = 108. List the prime factors of b.
2, 13
Let z(w) = -4*w - 2. Let t be z(-1). Suppose 5*r - 7 = 8. Suppose -3*b = -4*j + t*b + 164, r*b = 12. What are the prime factors of j?
2, 23
What are the prime factors of 1673/((-4)/(-6)*(-93)/(-62))?
7, 239
Let b = -28 - -25. Let j(c) = -c**3 - c**2 + 2*c. What are the prime factors of j(b)?
2, 3
Let h = 6 + -23. Let a = h + 39. Suppose -q + 62 = -4*g, -q - a = 5*g - 57. List the prime factors of q.
2, 5
Suppose 5*c = -0 + 25. Suppose c*x - f - 1080 = 0, -7*x = -6*x + 4*f - 237. What are the prime factors of x?
7, 31
Let g(p) = -10*p + 1. Let c be g(-1). Suppose -2*m + 2*d + 40 = -0*m, -c = -m + 4*d. Suppose 0 = m*r - 19*r - 92. List the prime factors of r.
23
Suppose -16 = -2*s - 2*l, -s - l = 3*l - 8. Suppose 3*u + s = -19. List the prime factors of (u/3)/1 + 37.
2, 17
Let c be (6/4)/(9/6). Let v be 2 - 1 - (c + 4). What are the prime factors of ((-23)/v)/(21/84)?
23
Suppose 20*f - 2*f - 990 = 0. Let s = 166 - f. List the prime factors of s.
3, 37
Let o(l) = -1017*l + 100. List the prime factors of o(-2).
2, 11, 97
Suppose 0 = -3*w + 8*w - 20. List the prime factors of w/14 - (-3 - 3296/28).
11
Let a be 17 - 3*10/6. Suppose -a*z + 172 + 788 = 0. What are the prime factors of z?
2, 5
Let n(y) = 8*y**2 - 38*y - 13. What are the prime factors of n(-19)?
3, 11, 109
Let y(o) = -o**2 - 11*o - 8. Let a be y(-11). Let u(d) = -2*d + 24. What are the prime factors of u(a)?
2, 5
List the prime factors of ((-188)/6)/(20/(-690) - 0).
23, 47
Let v(p) be the first derivative of -p**5/24 - 3*p**4/8 + p**3/3 + 8. Let z(c) be the third derivative of v(c). List the prime factors of z(-9).
2, 3
Let v(u) = 4*u**2 - 16*u + 7. Let t = 33 - 26. List the prime factors of v(t).
7, 13
Let k(j) = 10*j - 39. Let s be k(11). Suppose -3*z + s = -127. List the prime factors of z.
2, 3, 11
Suppose 4*b - 2*b = 14. Suppose -f = -16 - b. List the prime factors of f.
23
Let u(k) = k - 7. Let g be u(6). Let z be (-7)/(2/g + 1). Let d(o) = o**2 - 5*o - 6. What are the prime factors of d(z)?
2
Suppose -4 - 3 = -w. Suppose 4*g - w*g = -36. What are the prime factors of g?
2, 3
Let s(w) = -8 - 5*w + 6*w**2 + 22*w**2 + 2 + 31*w**2. What are the prime factors of s(-2)?
2, 3, 5
Let m = -1027 - -2490. List the prime factors of m.
7, 11, 19
Let u = 75 + 119. Suppose -10*b - 34 = -u. What are the prime factors of b?
2
Suppose 5*c - 17170 = 5*s, s + 2365 = 2*c - 4504. What are the prime factors of c?
3, 5, 229
Let a(c) = -c**3 + c**2 - c + 1. Let l(b) = -4*b**3 + 10*b**2 - 4*b - 5. Let u(m) = -3*a(m) + l(m). List the prime factors of u(6).
2, 11
What are the prime factors of (219/2)/((-21)/(-28))?
2, 73
Suppose 0 = 4*m + 4*g + 8, -4*m = -6*m - g - 3. Let p be (18 + -10)*2*m. Let a = p + 22. What are the prime factors of a?
2, 3
Suppose -3*c - 209 = -4*w + 208, -2*c = -5*w + 285. Let r = 209 + c. Suppose 0 = -4*j + 5*k + r, 48 = 2*j - 2*k + 5*k. What are the prime factors of j?
3, 7
Let m(i) = -2*i - 13. Let k be m(-7). Let u be 8/36*-3*48. Let z = k - u. What are the prime factors of z?
3, 11
Suppose -30 = -6*v + 4*v. Suppose 4*t + 1 = 2*w + v, -5*t - 5*w = -40. Suppose g + k = 35, -t*g = 2*k - 200 + 40. List the prime factors of g.
2, 3, 5
Suppose -3*t + 6 = -t. Suppose -2*y - 5*z + 54 + 74 = 0, -t*z + 301 = 5*y. What are t